?
True
Is 31015091 a prime number?
False
Is 23432287 a composite number?
False
Is 678479 a prime number?
True
Is 330342541 a prime number?
False
Is 7592899 composite?
False
Is 106322269 a composite number?
False
Is 71927281 a composite number?
False
Is 5504203 composite?
True
Is 11780539 a composite number?
True
Is 714265546 prime?
False
Is 3492631 a composite number?
False
Is 5641529 prime?
True
Is 21794173 a composite number?
False
Is 53945497 a composite number?
False
Is 29360867 a prime number?
True
Is 46458917 a prime number?
False
Is 15527189 composite?
False
Is 3487679 a composite number?
True
Is 25644029 a prime number?
True
Is 357587831 composite?
True
Is 755957 prime?
False
Is 1941755 composite?
True
Is 8238593 a composite number?
True
Is 28724851 composite?
True
Is 65879819 prime?
True
Is 121029 a composite number?
True
Is 9655157 composite?
False
Is 6838109 composite?
True
Is 741269 a composite number?
True
Is 13496549 composite?
True
Is 211009681 a composite number?
True
Is 4192933 a prime number?
False
Is 3630035 prime?
False
Is 2817803 prime?
False
Is 12789461 prime?
True
Is 19378081 a composite number?
True
Is 156419 a prime number?
True
Is 4398509 a composite number?
True
Is 16175373 a composite number?
True
Is 4660913 prime?
False
Is 139012151 composite?
True
Is 81573 a composite number?
True
Is 338439641 prime?
False
Is 23946427 a prime number?
False
Is 123713621 a composite number?
True
Is 15289941 a composite number?
True
Is 560273 prime?
False
Is 16600811 composite?
False
Is 8360441 prime?
False
Is 3335491 a prime number?
False
Is 211294133 a composite number?
False
Is 1882229 prime?
True
Is 9186599 a composite number?
False
Is 10401857 a composite number?
False
Is 103286009 prime?
True
Is 590713 a composite number?
False
Is 2356681 prime?
True
Is 867253 composite?
False
Is 4797811 prime?
False
Is 247829613 prime?
False
Is 3088159 composite?
False
Is 5249207 prime?
True
Is 227546587 a composite number?
True
Is 34705567 prime?
False
Is 4676901 a composite number?
True
Is 1455961 a composite number?
True
Is 97224191 a prime number?
True
Is 29979889 a composite number?
False
Is 36751369 composite?
True
Is 242762017 a prime number?
True
Is 2203205 a prime number?
False
Is 472523 a prime number?
True
Is 22712873 a prime number?
True
Is 21003733 prime?
False
Is 31582819 a composite number?
False
Is 6328779 composite?
True
Is 36405727 prime?
True
Is 31487507 prime?
True
Is 2960003 composite?
False
Is 647461414 composite?
True
Is 35610551 a composite number?
False
Is 28056473 composite?
True
Is 729193 composite?
True
Is 45528551 composite?
True
Is 9779659 composite?
False
Is 37907783 a prime number?
True
Is 1701979 a prime number?
True
Is 81776203 a composite number?
False
Is 72484781 a prime number?
True
Is 24151903 composite?
True
Is 128163839 a prime number?
True
Is 253567 a prime number?
True
Is 10748761 a composite number?
True
Is 219981571 prime?
True
Is 10097891 a prime number?
True
Is 1283701 a composite number?
False
Is 425742103 composite?
False
Is 99901 prime?
True
Is 18988483 a composite number?
False
Is 2852873 composite?
False
Is 329233 prime?
True
Is 11801327 a composite number?
False
Is 83813 a composite number?
False
Is 11778887 a prime number?
False
Is 1159489 a prime number?
True
Is 14078429 a composite number?
False
Is 1680799 a composite number?
True
Is 552787 a composite number?
False
Is 45988681 a prime number?
False
Is 25846399 prime?
True
Is 1550687 a composite number?
True
Is 4883686 a prime number?
False
Is 25789979 prime?
True
Is 10224107 a prime number?
True
Is 33725449 prime?
True
Is 27920377 a composite number?
False
Is 7168477 a prime number?
True
Is 22299911 a composite number?
False
Is 1468289 a composite number?
True
Is 2241479 composite?
False
Is 48645053 a composite number?
False
Is 16548781 a composite number?
False
Is 2728471 prime?
True
Is 12194158 a prime number?
False
Is 4304981 prime?
True
Is 64019 composite?
False
Is 518582429 prime?
True
Is 10619641 a composite number?
False
Is 3875863 a composite number?
True
Is 51132383 composite?
False
Is 4224541 a composite number?
False
Is 5642921 composite?
True
Is 30638227 composite?
True
Is 1357453 a prime number?
True
Is 1151537 a composite number?
False
Is 30527551 composite?
True
Is 665221951 a prime number?
False
Is 253599347 composite?
False
Is 18349829 a composite number?
False
Is 32293837 a prime number?
True
Is 25469797 a prime number?
True
Is 316706659 composite?
False
Is 39620929 prime?
True
Is 34941271 composite?
True
Is 247031 composite?
False
Is 63126471 composite?
True
Is 76763 prime?
False
Is 4736479 prime?
False
Is 316601 prime?
False
Is 3213487 a prime number?
False
Is 332135653 composite?
False
Is 149374091 composite?
False
Is 3129898 a prime number?
False
Is 2523049 a composite number?
True
Is 1121599 composite?
False
Is 11111299 a composite number?
True
Is 512042239 composite?
False
Is 623453 prime?
False
Is 155554453 prime?
False
Is 385740343 composite?
True
Is 3889741 prime?
False
Is 6727069 a composite number?
False
Is 178290937 a composite number?
True
Is 226741 prime?
True
Is 24287983 composite?
False
Is 7086839 composite?
False
Is 65167 a composite number?
False
Is 229321 a composite number?
False
Is 4582967 a composite number?
False
Is 1886587 a composite number?
True
Is 400109 a prime number?
True
Is 1676687 composite?
False
Is 15585469 composite?
True
Is 1219679 prime?
True
Is 1060492819 prime?
False
Is 7865047 prime?
True
Is 62618519 a composite number?
False
Is 273109 a prime number?
False
Is 2339753 composite?
True
Is 265043 composite?
True
Is 4759487 a composite number?
True
Is 8845343 a composite number?
True
Is 6526613 a prime number?
False
Is 80917391 composite?
True
Is 10484653 prime?
False
Is 4154149 composite?
False
Is 132598981 prime?
True
Is 2072953 a prime number?
True
Is 1553393 prime?
False
Is 15860953 composite?
True
Is 70297523 prime?
False
Is 11042 prime?
False
Is 772591 prime?
True
Is 651989 a composite number?
True
Is 442061 a composite number?
False
Is 27083197 a composite number?
False
Is 84000211 composite?
True
Is 6014699 a composite number?
False
Is 59881363 a prime number?
True
Is 1018157 prime?
False
Is 108970021 a prime number?
False
Is 23281757 a prime number?
True
Is 1022377 a composite number?
False
Is 14334317 composite?
False
Is 48064498 prime?
False
Is 1876159 prime?
False
Is 479777 composite?
False
Is 21824701 composite?
True
Is 1933045 composite?
True
Is 36009059 composite?
False
Is 215808601 a prime number?
True
Is 312388019 prime?
True
Is 2697719 composite?
False
Is 41729477 a composite number?
False
Is 20500177 a composite number?
True
Is 78769 composite?
True
Is 3484639 a prime number?
True
Is 236133857 a prime number?
True
Is 3663887 prime?
True
Is 34048601 a composite number?
False
Is 88284691 a prime number?
False
Is 134588629 composite?
True
Is 9959219 a composite number?
False
Is 4582717 prime?
True
Is 286163 prime?
True
Is 95647373 a prime number?
False
Is 4956643 a composite number?
False
Is 103093909 a composite number?
True
Is 33727633 a composite number?
False
Is 246199391 a prime number?
True
Is 29515945 a composite number?
True
Is 6816011 prime?
True
Is 3845251 composite?
False
Is 9956029 a prime number?
False
Is 15052915 a prime number?
False
Is 359861347 prime?
True
Is 14120663 composite?
True
Is 67489027 a composite number?
True
Is 383088899 prime?
True
Is 32533859 composite?
True
Is 3038779 a composite number?
False
Is 20041673 a prime number?
True
Is 14131501 composite?
False
Is 2190991 prime?
False
Is 16638619 prime?
True
Is 10510183 composite?
True
Is 25840211 composite?
True
Is 121142137 a prime number?
False
Is 495542207 prime?
True
Is 3559642 prime?
False
Is 24212693 composite?
True
Is 180483403 composite?
False
Is 66064829 a prime number?
True
Is 328579 composite?
False
Is 3410677 a prime number?
True
Is 3664763 composite?
False
Is 198305861 a composite number?
True
Is 2966741 composite?
False
Is 210786929 composite?
False
Is 13404781 prime?
False
Is 203839 composite?
True
Is 10024009 composite?
False
Is 1746629 composite?
False
Is 1951403 a prime number?
True
Is 2447633 prime?
True
Is 644219 prime?
False
Is 1628393 a prime number?
False
Is 7820071 